{"id":4745,"date":"2023-10-09T14:27:27","date_gmt":"2023-10-09T14:27:27","guid":{"rendered":"https:\/\/persumtechnic.com\/?page_id=4745"},"modified":"2023-10-19T11:15:34","modified_gmt":"2023-10-19T11:15:34","slug":"soporte-de-acceso-mlg-mlg","status":"publish","type":"page","link":"https:\/\/persumtechnic.com\/index.php\/soporte-de-acceso-mlg-mlg\/","title":{"rendered":"Soporte de acceso MLG (MLG)"},"content":{"rendered":"\t\t<div data-elementor-type=\"wp-page\" data-elementor-id=\"4745\" class=\"elementor elementor-4745\">\n\t\t\t\t<div class=\"elementor-element elementor-element-1a350a1b e-flex e-con-boxed e-con e-parent\" data-id=\"1a350a1b\" data-element_type=\"container\">\n\t\t\t\t\t<div class=\"e-con-inner\">\n\t\t\t\t<div class=\"elementor-element elementor-element-6958e347 elementor-widget elementor-widget-spacer\" data-id=\"6958e347\" data-element_type=\"widget\" data-widget_type=\"spacer.default\">\n\t\t\t\t<div class=\"elementor-widget-container\">\n\t\t\t\t\t\t\t<div class=\"elementor-spacer\">\n\t\t\t<div class=\"elementor-spacer-inner\"><\/div>\n\t\t<\/div>\n\t\t\t\t\t\t<\/div>\n\t\t\t\t<\/div>\n\t\t\t\t\t<\/div>\n\t\t\t\t<\/div>\n\t\t<div class=\"elementor-element elementor-element-23078c1e e-flex e-con-boxed e-con e-parent\" data-id=\"23078c1e\" data-element_type=\"container\">\n\t\t\t\t\t<div class=\"e-con-inner\">\n\t\t\t\t<div class=\"elementor-element elementor-element-20d2a135 elementor-widget elementor-widget-heading\" data-id=\"20d2a135\" data-element_type=\"widget\" data-widget_type=\"heading.default\">\n\t\t\t\t<div class=\"elementor-widget-container\">\n\t\t\t\t\t<h4 class=\"elementor-heading-title elementor-size-default\">Plataformas de acceso al tren de aterrizaje principal (MLG)\n<\/h4>\t\t\t\t<\/div>\n\t\t\t\t<\/div>\n\t\t\t\t\t<\/div>\n\t\t\t\t<\/div>\n\t\t<div class=\"elementor-element elementor-element-b23c26a e-flex e-con-boxed e-con e-parent\" data-id=\"b23c26a\" data-element_type=\"container\">\n\t\t\t\t\t<div class=\"e-con-inner\">\n\t\t<div class=\"elementor-element elementor-element-4ebc067d e-con-full e-flex e-con e-child\" data-id=\"4ebc067d\" data-element_type=\"container\">\n\t\t\t\t<div class=\"elementor-element elementor-element-55e17d61 elementor-widget elementor-widget-text-editor\" data-id=\"55e17d61\" data-element_type=\"widget\" data-widget_type=\"text-editor.default\">\n\t\t\t\t<div class=\"elementor-widget-container\">\n\t\t\t\t\t\t\t\t\t<h5>Detalles de producto<\/h5><div><p>Plataformas dise\u00f1adas con el prop\u00f3sito de permitir el mantenimiento de los trenes de aterrizaje principales y la realizaci\u00f3n de trabajos efectivos en espacios reducidos. Se ha incorporado un mecanismo deslizante para lograr un acceso m\u00e1ximo a la zona de trabajo. Hay opciones disponibles para elevarlo mediante gatos roscados (Screw Jack), motores el\u00e9ctricos o componentes hidr\u00e1ulicos. Plataformas compatibles con aviones como el Airbus A320 \/ A330 \/ A340 \/ A350 y el Boeing 737-800 \/ Boeing 737-700, y pueden adaptarse para su uso en aviones de fuselaje ancho y estrecho. Gracias a la incorporaci\u00f3n de un gancho de remolque, se puede mover con facilidad. Su s\u00f3lida y ligera estructura permite que dos personas muevan el producto con comodidad.<\/p><p>Estructura est\u00e1 equipada con las medidas de seguridad m\u00e1s rigurosas para prevenir accidentes laborales y esta revestida con un material de silicona especial que no deja marcas en ning\u00fan punto de contacto con el avi\u00f3n.<\/p><p>Las dimensiones y las especificaciones de los productos pueden adaptarse seg\u00fan sus necesidades. Todas las dimensiones del producto pueden dise\u00f1arse de manera personalizada seg\u00fan sus requisitos y presentarse junto con un proyecto en 3D.<\/p><p>Puede contar con el respaldo de nuestro equipo t\u00e9cnico profesional para la instalaci\u00f3n, piezas de repuesto y servicios de mantenimiento y reparaci\u00f3n.<\/p><\/div>\t\t\t\t\t\t\t\t<\/div>\n\t\t\t\t<\/div>\n\t\t\t\t<\/div>\n\t\t<div class=\"elementor-element elementor-element-7b89f4d e-con-full e-flex e-con e-child\" data-id=\"7b89f4d\" data-element_type=\"container\">\n\t\t\t\t<div class=\"elementor-element elementor-element-5d359020 elementor-widget elementor-widget-image\" data-id=\"5d359020\" data-element_type=\"widget\" data-widget_type=\"image.default\">\n\t\t\t\t<div class=\"elementor-widget-container\">\n\t\t\t\t\t\t\t\t\t\t\t\t\t\t\t<img fetchpriority=\"high\" decoding=\"async\" width=\"1000\" height=\"1000\" src=\"https:\/\/persumtechnic.com\/wp-content\/uploads\/2023\/10\/MLG-1.png\" class=\"attachment-large size-large wp-image-4744\" alt=\"\" srcset=\"https:\/\/persumtechnic.com\/wp-content\/uploads\/2023\/10\/MLG-1.png 1000w, https:\/\/persumtechnic.com\/wp-content\/uploads\/2023\/10\/MLG-1-300x300.png 300w, https:\/\/persumtechnic.com\/wp-content\/uploads\/2023\/10\/MLG-1-150x150.png 150w, https:\/\/persumtechnic.com\/wp-content\/uploads\/2023\/10\/MLG-1-768x768.png 768w\" sizes=\"(max-width: 1000px) 100vw, 1000px\" \/>\t\t\t\t\t\t\t\t\t\t\t\t\t\t\t<\/div>\n\t\t\t\t<\/div>\n\t\t\t\t<\/div>\n\t\t\t\t\t<\/div>\n\t\t\t\t<\/div>\n\t\t\t\t<\/div>\n\t\t","protected":false},"excerpt":{"rendered":"<p>Plataformas de acceso al tren de aterrizaje principal (MLG) Detalles de producto Plataformas dise\u00f1adas con el prop\u00f3sito de permitir el mantenimiento de los trenes de aterrizaje principales y la realizaci\u00f3n de trabajos efectivos en espacios reducidos. Se ha incorporado un mecanismo deslizante para lograr un acceso m\u00e1ximo a la zona de trabajo. Hay opciones disponibles [&hellip;]<\/p>\n","protected":false},"author":1,"featured_media":0,"parent":0,"menu_order":0,"comment_status":"closed","ping_status":"closed","template":"","meta":{"site-sidebar-layout":"no-sidebar","site-content-layout":"page-builder","ast-site-content-layout":"full-width-container","site-content-style":"default","site-sidebar-style":"default","ast-global-header-display":"","ast-banner-title-visibility":"","ast-main-header-display":"","ast-hfb-above-header-display":"","ast-hfb-below-header-display":"","ast-hfb-mobile-header-display":"","site-post-title":"disabled","ast-breadcrumbs-content":"","ast-featured-img":"disabled","footer-sml-layout":"","theme-transparent-header-meta":"","adv-header-id-meta":"","stick-header-meta":"","header-above-stick-meta":"","header-main-stick-meta":"","header-below-stick-meta":"","astra-migrate-meta-layouts":"set","ast-page-background-enabled":"default","ast-page-background-meta":{"desktop":{"background-color":"","background-image":"","background-repeat":"repeat","background-position":"center center","background-size":"auto","background-attachment":"scroll","background-type":"","background-media":"","overlay-type":"","overlay-color":"","overlay-opacity":"","overlay-gradient":""},"tablet":{"background-color":"","background-image":"","background-repeat":"repeat","background-position":"center center","background-size":"auto","background-attachment":"scroll","background-type":"","background-media":"","overlay-type":"","overlay-color":"","overlay-opacity":"","overlay-gradient":""},"mobile":{"background-color":"","background-image":"","background-repeat":"repeat","background-position":"center center","background-size":"auto","background-attachment":"scroll","background-type":"","background-media":"","overlay-type":"","overlay-color":"","overlay-opacity":"","overlay-gradient":""}},"ast-content-background-meta":{"desktop":{"background-color":"var(--ast-global-color-5)","background-image":"","background-repeat":"repeat","background-position":"center center","background-size":"auto","background-attachment":"scroll","background-type":"","background-media":"","overlay-type":"","overlay-color":"","overlay-opacity":"","overlay-gradient":""},"tablet":{"background-color":"var(--ast-global-color-5)","background-image":"","background-repeat":"repeat","background-position":"center center","background-size":"auto","background-attachment":"scroll","background-type":"","background-media":"","overlay-type":"","overlay-color":"","overlay-opacity":"","overlay-gradient":""},"mobile":{"background-color":"var(--ast-global-color-5)","background-image":"","background-repeat":"repeat","background-position":"center center","background-size":"auto","background-attachment":"scroll","background-type":"","background-media":"","overlay-type":"","overlay-color":"","overlay-opacity":"","overlay-gradient":""}},"footnotes":""},"class_list":["post-4745","page","type-page","status-publish","hentry"],"_links":{"self":[{"href":"https:\/\/persumtechnic.com\/index.php\/wp-json\/wp\/v2\/pages\/4745","targetHints":{"allow":["GET"]}}],"collection":[{"href":"https:\/\/persumtechnic.com\/index.php\/wp-json\/wp\/v2\/pages"}],"about":[{"href":"https:\/\/persumtechnic.com\/index.php\/wp-json\/wp\/v2\/types\/page"}],"author":[{"embeddable":true,"href":"https:\/\/persumtechnic.com\/index.php\/wp-json\/wp\/v2\/users\/1"}],"replies":[{"embeddable":true,"href":"https:\/\/persumtechnic.com\/index.php\/wp-json\/wp\/v2\/comments?post=4745"}],"version-history":[{"count":10,"href":"https:\/\/persumtechnic.com\/index.php\/wp-json\/wp\/v2\/pages\/4745\/revisions"}],"predecessor-version":[{"id":5540,"href":"https:\/\/persumtechnic.com\/index.php\/wp-json\/wp\/v2\/pages\/4745\/revisions\/5540"}],"wp:attachment":[{"href":"https:\/\/persumtechnic.com\/index.php\/wp-json\/wp\/v2\/media?parent=4745"}],"curies":[{"name":"wp","href":"https:\/\/api.w.org\/{rel}","templated":true}]}}