{"id":4803,"date":"2023-10-09T15:39:43","date_gmt":"2023-10-09T15:39:43","guid":{"rendered":"https:\/\/persumtechnic.com\/?page_id=4803"},"modified":"2024-09-20T13:37:38","modified_gmt":"2024-09-20T13:37:38","slug":"puestos-de-acceso-a-carga-fwd-y-aft","status":"publish","type":"page","link":"https:\/\/persumtechnic.com\/index.php\/puestos-de-acceso-a-carga-fwd-y-aft\/","title":{"rendered":"Puestos de acceso a carga FWD y AFT"},"content":{"rendered":"\t\t<div data-elementor-type=\"wp-page\" data-elementor-id=\"4803\" class=\"elementor elementor-4803\">\n\t\t\t\t<div class=\"elementor-element elementor-element-2b044fbf e-flex e-con-boxed e-con e-parent\" data-id=\"2b044fbf\" data-element_type=\"container\">\n\t\t\t\t\t<div class=\"e-con-inner\">\n\t\t\t\t<div class=\"elementor-element elementor-element-15b36dd0 elementor-widget elementor-widget-spacer\" data-id=\"15b36dd0\" data-element_type=\"widget\" data-widget_type=\"spacer.default\">\n\t\t\t\t<div class=\"elementor-widget-container\">\n\t\t\t\t\t\t\t<div class=\"elementor-spacer\">\n\t\t\t<div class=\"elementor-spacer-inner\"><\/div>\n\t\t<\/div>\n\t\t\t\t\t\t<\/div>\n\t\t\t\t<\/div>\n\t\t\t\t\t<\/div>\n\t\t\t\t<\/div>\n\t\t<div class=\"elementor-element elementor-element-6466f218 e-flex e-con-boxed e-con e-parent\" data-id=\"6466f218\" data-element_type=\"container\">\n\t\t\t\t\t<div class=\"e-con-inner\">\n\t\t\t\t<div class=\"elementor-element elementor-element-63975191 elementor-widget elementor-widget-heading\" data-id=\"63975191\" data-element_type=\"widget\" data-widget_type=\"heading.default\">\n\t\t\t\t<div class=\"elementor-widget-container\">\n\t\t\t\t\t<h4 class=\"elementor-heading-title elementor-size-default\">Plataformas de Acceso FWD y AFT <\/h4>\t\t\t\t<\/div>\n\t\t\t\t<\/div>\n\t\t\t\t\t<\/div>\n\t\t\t\t<\/div>\n\t\t<div class=\"elementor-element elementor-element-68387490 e-flex e-con-boxed e-con e-parent\" data-id=\"68387490\" data-element_type=\"container\">\n\t\t\t\t\t<div class=\"e-con-inner\">\n\t\t<div class=\"elementor-element elementor-element-7ca0884d e-con-full e-flex e-con e-child\" data-id=\"7ca0884d\" data-element_type=\"container\">\n\t\t\t\t<div class=\"elementor-element elementor-element-82eb99a elementor-widget elementor-widget-text-editor\" data-id=\"82eb99a\" data-element_type=\"widget\" data-widget_type=\"text-editor.default\">\n\t\t\t\t<div class=\"elementor-widget-container\">\n\t\t\t\t\t\t\t\t\t<h5>Detalles de producto<\/h5><div class=\"description\"><p>Las plataformas de acceso FWD (Acceso a Tracci\u00f3n Delantera) y AFT (Direcci\u00f3n Contraria al Movimiento de la aeronave) han sido dise\u00f1adas con el prop\u00f3sito de proporcionar acceso a la puerta de carga AFT y a las secciones FWD de la aeronave.<\/p><p>Plataformas compatibles con aviones Airbus A320 \/ A330 \/ A340 \/ A350 y Boeing 737-800 \/ Boeing 737-700. Gracias a su ajuste de altura, pueden utilizarse en diferentes tipos de aviones. Hay opciones disponibles para elevarlos mediante gatos roscados (Screw Jack), motores el\u00e9ctricos o componentes hidr\u00e1ulicos.<\/p><p>Las plataformas de acceso FWD y AFT han sido dise\u00f1adas de forma segura y ligera, con un cuerpo de aluminio montado sobre un chasis de acero. Gracias a un gancho de remolque, pueden ser remolcados en la plataforma o dentro del hangar.<\/p><p>Las barandillas pueden ser dise\u00f1ados plegables o deslizables seg\u00fan sea necesario.<\/p><p>\u00a0<\/p><p>Estas plataformas est\u00e1n equipadas con medidas de seguridad exhaustivas y permiten un trabajo eficaz. En todos los puntos de contacto con la aeronave, se utilizan materiales de silicona especiales que no dejan marcas.<\/p><p>Las dimensiones y las especificaciones de las plataformas de acceso FWD y AFT pueden adaptarse seg\u00fan sus necesidades. Todas las dimensiones del producto pueden dise\u00f1arse de manera personalizada seg\u00fan sus requisitos y presentarse junto con un proyecto en 3D.<\/p><p>Puede contar con el respaldo de nuestro equipo t\u00e9cnico profesional para la instalaci\u00f3n, piezas de repuesto y servicios de mantenimiento y reparaci\u00f3n.<\/p><\/div>\t\t\t\t\t\t\t\t<\/div>\n\t\t\t\t<\/div>\n\t\t\t\t<\/div>\n\t\t<div class=\"elementor-element elementor-element-41dd3186 e-con-full e-flex e-con e-child\" data-id=\"41dd3186\" data-element_type=\"container\">\n\t\t\t\t<div class=\"elementor-element elementor-element-204a6c2b elementor-widget elementor-widget-image\" data-id=\"204a6c2b\" data-element_type=\"widget\" data-widget_type=\"image.default\">\n\t\t\t\t<div class=\"elementor-widget-container\">\n\t\t\t\t\t\t\t\t\t\t\t\t\t\t\t<img fetchpriority=\"high\" decoding=\"async\" width=\"1000\" height=\"1000\" src=\"https:\/\/persumtechnic.com\/wp-content\/uploads\/2023\/10\/FWD-AFT-1.png\" class=\"attachment-large size-large wp-image-4799\" alt=\"\" srcset=\"https:\/\/persumtechnic.com\/wp-content\/uploads\/2023\/10\/FWD-AFT-1.png 1000w, https:\/\/persumtechnic.com\/wp-content\/uploads\/2023\/10\/FWD-AFT-1-300x300.png 300w, https:\/\/persumtechnic.com\/wp-content\/uploads\/2023\/10\/FWD-AFT-1-150x150.png 150w, https:\/\/persumtechnic.com\/wp-content\/uploads\/2023\/10\/FWD-AFT-1-768x768.png 768w\" sizes=\"(max-width: 1000px) 100vw, 1000px\" \/>\t\t\t\t\t\t\t\t\t\t\t\t\t\t\t<\/div>\n\t\t\t\t<\/div>\n\t\t\t\t<\/div>\n\t\t\t\t\t<\/div>\n\t\t\t\t<\/div>\n\t\t<div class=\"elementor-element elementor-element-27332224 e-flex e-con-boxed e-con e-parent\" data-id=\"27332224\" data-element_type=\"container\">\n\t\t\t\t\t<div class=\"e-con-inner\">\n\t\t\t\t\t<\/div>\n\t\t\t\t<\/div>\n\t\t<div class=\"elementor-element elementor-element-73b8d810 e-flex e-con-boxed e-con e-parent\" data-id=\"73b8d810\" data-element_type=\"container\">\n\t\t\t\t\t<div class=\"e-con-inner\">\n\t\t\t\t<div class=\"elementor-element elementor-element-1e5b0030 elementor-widget elementor-widget-heading\" data-id=\"1e5b0030\" data-element_type=\"widget\" data-widget_type=\"heading.default\">\n\t\t\t\t<div class=\"elementor-widget-container\">\n\t\t\t\t\t<h4 class=\"elementor-heading-title elementor-size-default\">Galer\u00eda<\/h4>\t\t\t\t<\/div>\n\t\t\t\t<\/div>\n\t\t\t\t\t<\/div>\n\t\t\t\t<\/div>\n\t\t<div class=\"elementor-element elementor-element-42851b05 e-flex e-con-boxed e-con e-parent\" data-id=\"42851b05\" data-element_type=\"container\">\n\t\t\t\t\t<div class=\"e-con-inner\">\n\t\t\t\t<div class=\"elementor-element elementor-element-2cc2751d gallery-spacing-custom elementor-invisible elementor-widget elementor-widget-image-gallery\" data-id=\"2cc2751d\" data-element_type=\"widget\" data-settings=\"{&quot;_animation&quot;:&quot;fadeIn&quot;}\" data-widget_type=\"image-gallery.default\">\n\t\t\t\t<div class=\"elementor-widget-container\">\n\t\t\t\t\t\t\t<div class=\"elementor-image-gallery\">\n\t\t\t<div id='gallery-1' class='gallery galleryid-4803 gallery-columns-4 gallery-size-large'><figure class='gallery-item'>\n\t\t\t<div class='gallery-icon landscape'>\n\t\t\t\t<a data-elementor-open-lightbox=\"yes\" data-elementor-lightbox-slideshow=\"2cc2751d\" data-elementor-lightbox-title=\"FWD-AFT-2\" data-e-action-hash=\"#elementor-action%3Aaction%3Dlightbox%26settings%3DeyJpZCI6NDgwMCwidXJsIjoiaHR0cHM6XC9cL3BlcnN1bXRlY2huaWMuY29tXC93cC1jb250ZW50XC91cGxvYWRzXC8yMDIzXC8xMFwvRldELUFGVC0yLmpwZyIsInNsaWRlc2hvdyI6IjJjYzI3NTFkIn0%3D\" href='https:\/\/persumtechnic.com\/wp-content\/uploads\/2023\/10\/FWD-AFT-2.jpg'><img decoding=\"async\" width=\"1024\" height=\"1024\" src=\"https:\/\/persumtechnic.com\/wp-content\/uploads\/2023\/10\/FWD-AFT-2-1024x1024.jpg\" class=\"attachment-large size-large\" alt=\"\" aria-describedby=\"gallery-1-4800\" srcset=\"https:\/\/persumtechnic.com\/wp-content\/uploads\/2023\/10\/FWD-AFT-2-1024x1024.jpg 1024w, https:\/\/persumtechnic.com\/wp-content\/uploads\/2023\/10\/FWD-AFT-2-300x300.jpg 300w, https:\/\/persumtechnic.com\/wp-content\/uploads\/2023\/10\/FWD-AFT-2-150x150.jpg 150w, https:\/\/persumtechnic.com\/wp-content\/uploads\/2023\/10\/FWD-AFT-2-768x768.jpg 768w, https:\/\/persumtechnic.com\/wp-content\/uploads\/2023\/10\/FWD-AFT-2.jpg 1200w\" sizes=\"(max-width: 1024px) 100vw, 1024px\" \/><\/a>\n\t\t\t<\/div>\n\t\t\t\t<figcaption class='wp-caption-text gallery-caption' id='gallery-1-4800'>\n\t\t\t\tImage processed by CodeCarvings Piczard ### FREE Community Edition ### on 2021-01-20 06:45:25Z | http:\/\/piczard.com | http:\/\/codecarvings.com\n\t\t\t\t<\/figcaption><\/figure><figure class='gallery-item'>\n\t\t\t<div class='gallery-icon landscape'>\n\t\t\t\t<a data-elementor-open-lightbox=\"yes\" data-elementor-lightbox-slideshow=\"2cc2751d\" data-elementor-lightbox-title=\"FWD-AFT-3\" data-e-action-hash=\"#elementor-action%3Aaction%3Dlightbox%26settings%3DeyJpZCI6NDgwMSwidXJsIjoiaHR0cHM6XC9cL3BlcnN1bXRlY2huaWMuY29tXC93cC1jb250ZW50XC91cGxvYWRzXC8yMDIzXC8xMFwvRldELUFGVC0zLmpwZyIsInNsaWRlc2hvdyI6IjJjYzI3NTFkIn0%3D\" href='https:\/\/persumtechnic.com\/wp-content\/uploads\/2023\/10\/FWD-AFT-3.jpg'><img decoding=\"async\" width=\"1024\" height=\"1024\" src=\"https:\/\/persumtechnic.com\/wp-content\/uploads\/2023\/10\/FWD-AFT-3-1024x1024.jpg\" class=\"attachment-large size-large\" alt=\"\" aria-describedby=\"gallery-1-4801\" srcset=\"https:\/\/persumtechnic.com\/wp-content\/uploads\/2023\/10\/FWD-AFT-3-1024x1024.jpg 1024w, https:\/\/persumtechnic.com\/wp-content\/uploads\/2023\/10\/FWD-AFT-3-300x300.jpg 300w, https:\/\/persumtechnic.com\/wp-content\/uploads\/2023\/10\/FWD-AFT-3-150x150.jpg 150w, https:\/\/persumtechnic.com\/wp-content\/uploads\/2023\/10\/FWD-AFT-3-768x768.jpg 768w, https:\/\/persumtechnic.com\/wp-content\/uploads\/2023\/10\/FWD-AFT-3.jpg 1200w\" sizes=\"(max-width: 1024px) 100vw, 1024px\" \/><\/a>\n\t\t\t<\/div>\n\t\t\t\t<figcaption class='wp-caption-text gallery-caption' id='gallery-1-4801'>\n\t\t\t\tImage processed by CodeCarvings Piczard ### FREE Community Edition ### on 2021-01-20 06:49:05Z | http:\/\/piczard.com | http:\/\/codecarvings.com\n\t\t\t\t<\/figcaption><\/figure><figure class='gallery-item'>\n\t\t\t<div class='gallery-icon landscape'>\n\t\t\t\t<a data-elementor-open-lightbox=\"yes\" data-elementor-lightbox-slideshow=\"2cc2751d\" data-elementor-lightbox-title=\"FWD-AFT-4\" data-e-action-hash=\"#elementor-action%3Aaction%3Dlightbox%26settings%3DeyJpZCI6NDgwMiwidXJsIjoiaHR0cHM6XC9cL3BlcnN1bXRlY2huaWMuY29tXC93cC1jb250ZW50XC91cGxvYWRzXC8yMDIzXC8xMFwvRldELUFGVC00LmpwZyIsInNsaWRlc2hvdyI6IjJjYzI3NTFkIn0%3D\" href='https:\/\/persumtechnic.com\/wp-content\/uploads\/2023\/10\/FWD-AFT-4.jpg'><img loading=\"lazy\" decoding=\"async\" width=\"1024\" height=\"1024\" src=\"https:\/\/persumtechnic.com\/wp-content\/uploads\/2023\/10\/FWD-AFT-4-1024x1024.jpg\" class=\"attachment-large size-large\" alt=\"\" aria-describedby=\"gallery-1-4802\" srcset=\"https:\/\/persumtechnic.com\/wp-content\/uploads\/2023\/10\/FWD-AFT-4-1024x1024.jpg 1024w, https:\/\/persumtechnic.com\/wp-content\/uploads\/2023\/10\/FWD-AFT-4-300x300.jpg 300w, https:\/\/persumtechnic.com\/wp-content\/uploads\/2023\/10\/FWD-AFT-4-150x150.jpg 150w, https:\/\/persumtechnic.com\/wp-content\/uploads\/2023\/10\/FWD-AFT-4-768x768.jpg 768w, https:\/\/persumtechnic.com\/wp-content\/uploads\/2023\/10\/FWD-AFT-4.jpg 1200w\" sizes=\"(max-width: 1024px) 100vw, 1024px\" \/><\/a>\n\t\t\t<\/div>\n\t\t\t\t<figcaption class='wp-caption-text gallery-caption' id='gallery-1-4802'>\n\t\t\t\tImage processed by CodeCarvings Piczard ### FREE Community Edition ### on 2021-01-20 06:49:15Z | http:\/\/piczard.com | http:\/\/codecarvings.com\n\t\t\t\t<\/figcaption><\/figure>\n\t\t<\/div>\n\t\t<\/div>\n\t\t\t\t\t\t<\/div>\n\t\t\t\t<\/div>\n\t\t\t\t\t<\/div>\n\t\t\t\t<\/div>\n\t\t\t\t<\/div>\n\t\t","protected":false},"excerpt":{"rendered":"<p>Plataformas de Acceso FWD y AFT Detalles de producto Las plataformas de acceso FWD (Acceso a Tracci\u00f3n Delantera) y AFT (Direcci\u00f3n Contraria al Movimiento de la aeronave) han sido dise\u00f1adas con el prop\u00f3sito de proporcionar acceso a la puerta de carga AFT y a las secciones FWD de la aeronave. Plataformas compatibles con aviones Airbus [&hellip;]<\/p>\n","protected":false},"author":1,"featured_media":0,"parent":0,"menu_order":0,"comment_status":"closed","ping_status":"closed","template":"","meta":{"site-sidebar-layout":"no-sidebar","site-content-layout":"page-builder","ast-site-content-layout":"full-width-container","site-content-style":"default","site-sidebar-style":"default","ast-global-header-display":"","ast-banner-title-visibility":"","ast-main-header-display":"","ast-hfb-above-header-display":"","ast-hfb-below-header-display":"","ast-hfb-mobile-header-display":"","site-post-title":"disabled","ast-breadcrumbs-content":"","ast-featured-img":"disabled","footer-sml-layout":"","theme-transparent-header-meta":"","adv-header-id-meta":"","stick-header-meta":"","header-above-stick-meta":"","header-main-stick-meta":"","header-below-stick-meta":"","astra-migrate-meta-layouts":"set","ast-page-background-enabled":"default","ast-page-background-meta":{"desktop":{"background-color":"","background-image":"","background-repeat":"repeat","background-position":"center center","background-size":"auto","background-attachment":"scroll","background-type":"","background-media":"","overlay-type":"","overlay-color":"","overlay-opacity":"","overlay-gradient":""},"tablet":{"background-color":"","background-image":"","background-repeat":"repeat","background-position":"center center","background-size":"auto","background-attachment":"scroll","background-type":"","background-media":"","overlay-type":"","overlay-color":"","overlay-opacity":"","overlay-gradient":""},"mobile":{"background-color":"","background-image":"","background-repeat":"repeat","background-position":"center center","background-size":"auto","background-attachment":"scroll","background-type":"","background-media":"","overlay-type":"","overlay-color":"","overlay-opacity":"","overlay-gradient":""}},"ast-content-background-meta":{"desktop":{"background-color":"var(--ast-global-color-5)","background-image":"","background-repeat":"repeat","background-position":"center center","background-size":"auto","background-attachment":"scroll","background-type":"","background-media":"","overlay-type":"","overlay-color":"","overlay-opacity":"","overlay-gradient":""},"tablet":{"background-color":"var(--ast-global-color-5)","background-image":"","background-repeat":"repeat","background-position":"center center","background-size":"auto","background-attachment":"scroll","background-type":"","background-media":"","overlay-type":"","overlay-color":"","overlay-opacity":"","overlay-gradient":""},"mobile":{"background-color":"var(--ast-global-color-5)","background-image":"","background-repeat":"repeat","background-position":"center center","background-size":"auto","background-attachment":"scroll","background-type":"","background-media":"","overlay-type":"","overlay-color":"","overlay-opacity":"","overlay-gradient":""}},"footnotes":""},"class_list":["post-4803","page","type-page","status-publish","hentry"],"_links":{"self":[{"href":"https:\/\/persumtechnic.com\/index.php\/wp-json\/wp\/v2\/pages\/4803","targetHints":{"allow":["GET"]}}],"collection":[{"href":"https:\/\/persumtechnic.com\/index.php\/wp-json\/wp\/v2\/pages"}],"about":[{"href":"https:\/\/persumtechnic.com\/index.php\/wp-json\/wp\/v2\/types\/page"}],"author":[{"embeddable":true,"href":"https:\/\/persumtechnic.com\/index.php\/wp-json\/wp\/v2\/users\/1"}],"replies":[{"embeddable":true,"href":"https:\/\/persumtechnic.com\/index.php\/wp-json\/wp\/v2\/comments?post=4803"}],"version-history":[{"count":16,"href":"https:\/\/persumtechnic.com\/index.php\/wp-json\/wp\/v2\/pages\/4803\/revisions"}],"predecessor-version":[{"id":5800,"href":"https:\/\/persumtechnic.com\/index.php\/wp-json\/wp\/v2\/pages\/4803\/revisions\/5800"}],"wp:attachment":[{"href":"https:\/\/persumtechnic.com\/index.php\/wp-json\/wp\/v2\/media?parent=4803"}],"curies":[{"name":"wp","href":"https:\/\/api.w.org\/{rel}","templated":true}]}}