{"id":4820,"date":"2023-10-09T15:42:50","date_gmt":"2023-10-09T15:42:50","guid":{"rendered":"https:\/\/persumtechnic.com\/?page_id=4820"},"modified":"2024-09-20T13:42:18","modified_gmt":"2024-09-20T13:42:18","slug":"soporte-de-acceso-a-la-puerta-delantera-y-del-pasajero","status":"publish","type":"page","link":"https:\/\/persumtechnic.com\/index.php\/soporte-de-acceso-a-la-puerta-delantera-y-del-pasajero\/","title":{"rendered":"Soporte de acceso a la puerta delantera y del pasajero"},"content":{"rendered":"\t\t<div data-elementor-type=\"wp-page\" data-elementor-id=\"4820\" class=\"elementor elementor-4820\">\n\t\t\t\t<div class=\"elementor-element elementor-element-39b1b975 e-flex e-con-boxed e-con e-parent\" data-id=\"39b1b975\" data-element_type=\"container\">\n\t\t\t\t\t<div class=\"e-con-inner\">\n\t\t\t\t<div class=\"elementor-element elementor-element-7f67118f elementor-widget elementor-widget-spacer\" data-id=\"7f67118f\" data-element_type=\"widget\" data-widget_type=\"spacer.default\">\n\t\t\t\t<div class=\"elementor-widget-container\">\n\t\t\t\t\t\t\t<div class=\"elementor-spacer\">\n\t\t\t<div class=\"elementor-spacer-inner\"><\/div>\n\t\t<\/div>\n\t\t\t\t\t\t<\/div>\n\t\t\t\t<\/div>\n\t\t\t\t\t<\/div>\n\t\t\t\t<\/div>\n\t\t<div class=\"elementor-element elementor-element-41a30fef e-flex e-con-boxed e-con e-parent\" data-id=\"41a30fef\" data-element_type=\"container\">\n\t\t\t\t\t<div class=\"e-con-inner\">\n\t\t\t\t<div class=\"elementor-element elementor-element-455dabd4 elementor-widget elementor-widget-heading\" data-id=\"455dabd4\" data-element_type=\"widget\" data-widget_type=\"heading.default\">\n\t\t\t\t<div class=\"elementor-widget-container\">\n\t\t\t\t\t<h4 class=\"elementor-heading-title elementor-size-default\">Plataformas de Acceso a la Puerta de Pasajeros y FWD (FWD and Passenger Door Access Stand)<\/h4>\t\t\t\t<\/div>\n\t\t\t\t<\/div>\n\t\t\t\t\t<\/div>\n\t\t\t\t<\/div>\n\t\t<div class=\"elementor-element elementor-element-81eac11 e-flex e-con-boxed e-con e-parent\" data-id=\"81eac11\" data-element_type=\"container\">\n\t\t\t\t\t<div class=\"e-con-inner\">\n\t\t<div class=\"elementor-element elementor-element-3e3ee8ab e-con-full e-flex e-con e-child\" data-id=\"3e3ee8ab\" data-element_type=\"container\">\n\t\t\t\t<div class=\"elementor-element elementor-element-705b2ae5 elementor-widget elementor-widget-text-editor\" data-id=\"705b2ae5\" data-element_type=\"widget\" data-widget_type=\"text-editor.default\">\n\t\t\t\t<div class=\"elementor-widget-container\">\n\t\t\t\t\t\t\t\t\t<h5>Detalles de producto<\/h5><div><p>Las plataformas de acceso a la puerta de pasajeros y FWD han sido dise\u00f1adas con el prop\u00f3sito de proporcionar acceso a la puerta de pasajeros y a las secciones FWD de la aeronave. Son compatibles con aviones Airbus A320 \/ A330 \/ A340 \/ A350 y Boeing 737-800 \/ Boeing 737-700. Gracias a su ajuste de altura, pueden utilizarse en diferentes tipos de aviones. Hay opciones disponibles para elevarlos mediante gatos roscados (Screw Jack), motores el\u00e9ctricos o componentes hidr\u00e1ulicos. Estas plataformas de acceso FWD y a la puerta de pasajeros est\u00e1n dise\u00f1adas de forma segura y ligera, con un cuerpo de aluminio montado sobre un chasis de acero.<\/p><p>Gracias a un gancho de remolque y un sistema de ruedas especiales, pueden ser remolcados tanto en la plataforma como dentro del hangar.<\/p><p>Las barandillas pueden ser dise\u00f1adas plegables o deslizables seg\u00fan sea necesario.<\/p><p>Las plataformas de acceso FWD y a la puerta de pasajeros est\u00e1n equipados con medidas de seguridad exhaustivas y permiten un trabajo eficiente. En todos los puntos de contacto con la aeronave, se utilizan materiales de silicona especiales que no dejan marcas.<\/p><p>Todas las dimensiones del producto pueden dise\u00f1arse de manera personalizada seg\u00fan sus requisitos y presentarse junto con un proyecto en 3D.<\/p><p>Puede contar con el respaldo de nuestro equipo t\u00e9cnico profesional para la instalaci\u00f3n, piezas de repuesto y servicios de mantenimiento y reparaci\u00f3n.<\/p><\/div>\t\t\t\t\t\t\t\t<\/div>\n\t\t\t\t<\/div>\n\t\t\t\t<\/div>\n\t\t<div class=\"elementor-element elementor-element-5056f7ee e-con-full e-flex e-con e-child\" data-id=\"5056f7ee\" data-element_type=\"container\">\n\t\t\t\t<div class=\"elementor-element elementor-element-2803b858 elementor-widget elementor-widget-image\" data-id=\"2803b858\" data-element_type=\"widget\" data-widget_type=\"image.default\">\n\t\t\t\t<div class=\"elementor-widget-container\">\n\t\t\t\t\t\t\t\t\t\t\t\t\t\t\t<img fetchpriority=\"high\" decoding=\"async\" width=\"1000\" height=\"1000\" src=\"https:\/\/persumtechnic.com\/wp-content\/uploads\/2023\/10\/FWD-1.png\" class=\"attachment-large size-large wp-image-4813\" alt=\"\" srcset=\"https:\/\/persumtechnic.com\/wp-content\/uploads\/2023\/10\/FWD-1.png 1000w, https:\/\/persumtechnic.com\/wp-content\/uploads\/2023\/10\/FWD-1-300x300.png 300w, https:\/\/persumtechnic.com\/wp-content\/uploads\/2023\/10\/FWD-1-150x150.png 150w, https:\/\/persumtechnic.com\/wp-content\/uploads\/2023\/10\/FWD-1-768x768.png 768w\" sizes=\"(max-width: 1000px) 100vw, 1000px\" \/>\t\t\t\t\t\t\t\t\t\t\t\t\t\t\t<\/div>\n\t\t\t\t<\/div>\n\t\t\t\t<\/div>\n\t\t\t\t\t<\/div>\n\t\t\t\t<\/div>\n\t\t<div class=\"elementor-element elementor-element-211c5d39 e-flex e-con-boxed e-con e-parent\" data-id=\"211c5d39\" data-element_type=\"container\">\n\t\t\t\t\t<div class=\"e-con-inner\">\n\t\t\t\t\t<\/div>\n\t\t\t\t<\/div>\n\t\t<div class=\"elementor-element elementor-element-2a1a07ef e-flex e-con-boxed e-con e-parent\" data-id=\"2a1a07ef\" data-element_type=\"container\">\n\t\t\t\t\t<div class=\"e-con-inner\">\n\t\t\t\t<div class=\"elementor-element elementor-element-7dff11d4 elementor-widget elementor-widget-heading\" data-id=\"7dff11d4\" data-element_type=\"widget\" data-widget_type=\"heading.default\">\n\t\t\t\t<div class=\"elementor-widget-container\">\n\t\t\t\t\t<h4 class=\"elementor-heading-title elementor-size-default\">Galer\u00eda<\/h4>\t\t\t\t<\/div>\n\t\t\t\t<\/div>\n\t\t\t\t\t<\/div>\n\t\t\t\t<\/div>\n\t\t<div class=\"elementor-element elementor-element-5e0131c3 e-flex e-con-boxed e-con e-parent\" data-id=\"5e0131c3\" data-element_type=\"container\">\n\t\t\t\t\t<div class=\"e-con-inner\">\n\t\t\t\t<div class=\"elementor-element elementor-element-6d668aba gallery-spacing-custom elementor-invisible elementor-widget elementor-widget-image-gallery\" data-id=\"6d668aba\" data-element_type=\"widget\" data-settings=\"{&quot;_animation&quot;:&quot;fadeIn&quot;}\" data-widget_type=\"image-gallery.default\">\n\t\t\t\t<div class=\"elementor-widget-container\">\n\t\t\t\t\t\t\t<div class=\"elementor-image-gallery\">\n\t\t\t<div id='gallery-1' class='gallery galleryid-4820 gallery-columns-4 gallery-size-large'><figure class='gallery-item'>\n\t\t\t<div class='gallery-icon landscape'>\n\t\t\t\t<a data-elementor-open-lightbox=\"yes\" data-elementor-lightbox-slideshow=\"6d668aba\" data-elementor-lightbox-title=\"FWD-4\" data-e-action-hash=\"#elementor-action%3Aaction%3Dlightbox%26settings%3DeyJpZCI6NDgxNiwidXJsIjoiaHR0cHM6XC9cL3BlcnN1bXRlY2huaWMuY29tXC93cC1jb250ZW50XC91cGxvYWRzXC8yMDIzXC8xMFwvRldELTQuanBnIiwic2xpZGVzaG93IjoiNmQ2NjhhYmEifQ%3D%3D\" href='https:\/\/persumtechnic.com\/wp-content\/uploads\/2023\/10\/FWD-4.jpg'><img decoding=\"async\" width=\"1024\" height=\"1024\" src=\"https:\/\/persumtechnic.com\/wp-content\/uploads\/2023\/10\/FWD-4-1024x1024.jpg\" class=\"attachment-large size-large\" alt=\"\" aria-describedby=\"gallery-1-4816\" srcset=\"https:\/\/persumtechnic.com\/wp-content\/uploads\/2023\/10\/FWD-4-1024x1024.jpg 1024w, https:\/\/persumtechnic.com\/wp-content\/uploads\/2023\/10\/FWD-4-300x300.jpg 300w, https:\/\/persumtechnic.com\/wp-content\/uploads\/2023\/10\/FWD-4-150x150.jpg 150w, https:\/\/persumtechnic.com\/wp-content\/uploads\/2023\/10\/FWD-4-768x768.jpg 768w, https:\/\/persumtechnic.com\/wp-content\/uploads\/2023\/10\/FWD-4.jpg 1200w\" sizes=\"(max-width: 1024px) 100vw, 1024px\" \/><\/a>\n\t\t\t<\/div>\n\t\t\t\t<figcaption class='wp-caption-text gallery-caption' id='gallery-1-4816'>\n\t\t\t\tImage processed by CodeCarvings Piczard ### FREE Community Edition ### on 2021-01-20 07:15:48Z | http:\/\/piczard.com | http:\/\/codecarvings.com0{?\u01d7m^\n\t\t\t\t<\/figcaption><\/figure><figure class='gallery-item'>\n\t\t\t<div class='gallery-icon landscape'>\n\t\t\t\t<a data-elementor-open-lightbox=\"yes\" data-elementor-lightbox-slideshow=\"6d668aba\" data-elementor-lightbox-title=\"FWD-3\" data-e-action-hash=\"#elementor-action%3Aaction%3Dlightbox%26settings%3DeyJpZCI6NDgxNSwidXJsIjoiaHR0cHM6XC9cL3BlcnN1bXRlY2huaWMuY29tXC93cC1jb250ZW50XC91cGxvYWRzXC8yMDIzXC8xMFwvRldELTMuanBnIiwic2xpZGVzaG93IjoiNmQ2NjhhYmEifQ%3D%3D\" href='https:\/\/persumtechnic.com\/wp-content\/uploads\/2023\/10\/FWD-3.jpg'><img decoding=\"async\" width=\"1024\" height=\"1024\" src=\"https:\/\/persumtechnic.com\/wp-content\/uploads\/2023\/10\/FWD-3-1024x1024.jpg\" class=\"attachment-large size-large\" alt=\"\" aria-describedby=\"gallery-1-4815\" srcset=\"https:\/\/persumtechnic.com\/wp-content\/uploads\/2023\/10\/FWD-3-1024x1024.jpg 1024w, https:\/\/persumtechnic.com\/wp-content\/uploads\/2023\/10\/FWD-3-300x300.jpg 300w, https:\/\/persumtechnic.com\/wp-content\/uploads\/2023\/10\/FWD-3-150x150.jpg 150w, https:\/\/persumtechnic.com\/wp-content\/uploads\/2023\/10\/FWD-3-768x768.jpg 768w, https:\/\/persumtechnic.com\/wp-content\/uploads\/2023\/10\/FWD-3.jpg 1200w\" sizes=\"(max-width: 1024px) 100vw, 1024px\" \/><\/a>\n\t\t\t<\/div>\n\t\t\t\t<figcaption class='wp-caption-text gallery-caption' id='gallery-1-4815'>\n\t\t\t\tImage processed by CodeCarvings Piczard ### FREE Community Edition ### on 2021-01-20 07:15:40Z | http:\/\/piczard.com | http:\/\/codecarvings.com\n\t\t\t\t<\/figcaption><\/figure><figure class='gallery-item'>\n\t\t\t<div class='gallery-icon landscape'>\n\t\t\t\t<a data-elementor-open-lightbox=\"yes\" data-elementor-lightbox-slideshow=\"6d668aba\" data-elementor-lightbox-title=\"FWD-2\" data-e-action-hash=\"#elementor-action%3Aaction%3Dlightbox%26settings%3DeyJpZCI6NDgxNCwidXJsIjoiaHR0cHM6XC9cL3BlcnN1bXRlY2huaWMuY29tXC93cC1jb250ZW50XC91cGxvYWRzXC8yMDIzXC8xMFwvRldELTIuanBnIiwic2xpZGVzaG93IjoiNmQ2NjhhYmEifQ%3D%3D\" href='https:\/\/persumtechnic.com\/wp-content\/uploads\/2023\/10\/FWD-2.jpg'><img loading=\"lazy\" decoding=\"async\" width=\"1024\" height=\"1024\" src=\"https:\/\/persumtechnic.com\/wp-content\/uploads\/2023\/10\/FWD-2-1024x1024.jpg\" class=\"attachment-large size-large\" alt=\"\" aria-describedby=\"gallery-1-4814\" srcset=\"https:\/\/persumtechnic.com\/wp-content\/uploads\/2023\/10\/FWD-2-1024x1024.jpg 1024w, https:\/\/persumtechnic.com\/wp-content\/uploads\/2023\/10\/FWD-2-300x300.jpg 300w, https:\/\/persumtechnic.com\/wp-content\/uploads\/2023\/10\/FWD-2-150x150.jpg 150w, https:\/\/persumtechnic.com\/wp-content\/uploads\/2023\/10\/FWD-2-768x768.jpg 768w, https:\/\/persumtechnic.com\/wp-content\/uploads\/2023\/10\/FWD-2.jpg 1200w\" sizes=\"(max-width: 1024px) 100vw, 1024px\" \/><\/a>\n\t\t\t<\/div>\n\t\t\t\t<figcaption class='wp-caption-text gallery-caption' id='gallery-1-4814'>\n\t\t\t\tImage processed by CodeCarvings Piczard ### FREE Community Edition ### on 2021-01-20 06:48:01Z | http:\/\/piczard.com | http:\/\/codecarvings.com\n\t\t\t\t<\/figcaption><\/figure>\n\t\t<\/div>\n\t\t<\/div>\n\t\t\t\t\t\t<\/div>\n\t\t\t\t<\/div>\n\t\t\t\t\t<\/div>\n\t\t\t\t<\/div>\n\t\t\t\t<\/div>\n\t\t","protected":false},"excerpt":{"rendered":"<p>Plataformas de Acceso a la Puerta de Pasajeros y FWD (FWD and Passenger Door Access Stand) Detalles de producto Las plataformas de acceso a la puerta de pasajeros y FWD han sido dise\u00f1adas con el prop\u00f3sito de proporcionar acceso a la puerta de pasajeros y a las secciones FWD de la aeronave. Son compatibles con [&hellip;]<\/p>\n","protected":false},"author":1,"featured_media":0,"parent":0,"menu_order":0,"comment_status":"closed","ping_status":"closed","template":"","meta":{"site-sidebar-layout":"no-sidebar","site-content-layout":"page-builder","ast-site-content-layout":"full-width-container","site-content-style":"default","site-sidebar-style":"default","ast-global-header-display":"","ast-banner-title-visibility":"","ast-main-header-display":"","ast-hfb-above-header-display":"","ast-hfb-below-header-display":"","ast-hfb-mobile-header-display":"","site-post-title":"disabled","ast-breadcrumbs-content":"","ast-featured-img":"disabled","footer-sml-layout":"","theme-transparent-header-meta":"","adv-header-id-meta":"","stick-header-meta":"","header-above-stick-meta":"","header-main-stick-meta":"","header-below-stick-meta":"","astra-migrate-meta-layouts":"set","ast-page-background-enabled":"default","ast-page-background-meta":{"desktop":{"background-color":"","background-image":"","background-repeat":"repeat","background-position":"center center","background-size":"auto","background-attachment":"scroll","background-type":"","background-media":"","overlay-type":"","overlay-color":"","overlay-opacity":"","overlay-gradient":""},"tablet":{"background-color":"","background-image":"","background-repeat":"repeat","background-position":"center center","background-size":"auto","background-attachment":"scroll","background-type":"","background-media":"","overlay-type":"","overlay-color":"","overlay-opacity":"","overlay-gradient":""},"mobile":{"background-color":"","background-image":"","background-repeat":"repeat","background-position":"center center","background-size":"auto","background-attachment":"scroll","background-type":"","background-media":"","overlay-type":"","overlay-color":"","overlay-opacity":"","overlay-gradient":""}},"ast-content-background-meta":{"desktop":{"background-color":"var(--ast-global-color-5)","background-image":"","background-repeat":"repeat","background-position":"center center","background-size":"auto","background-attachment":"scroll","background-type":"","background-media":"","overlay-type":"","overlay-color":"","overlay-opacity":"","overlay-gradient":""},"tablet":{"background-color":"var(--ast-global-color-5)","background-image":"","background-repeat":"repeat","background-position":"center center","background-size":"auto","background-attachment":"scroll","background-type":"","background-media":"","overlay-type":"","overlay-color":"","overlay-opacity":"","overlay-gradient":""},"mobile":{"background-color":"var(--ast-global-color-5)","background-image":"","background-repeat":"repeat","background-position":"center center","background-size":"auto","background-attachment":"scroll","background-type":"","background-media":"","overlay-type":"","overlay-color":"","overlay-opacity":"","overlay-gradient":""}},"footnotes":""},"class_list":["post-4820","page","type-page","status-publish","hentry"],"_links":{"self":[{"href":"https:\/\/persumtechnic.com\/index.php\/wp-json\/wp\/v2\/pages\/4820","targetHints":{"allow":["GET"]}}],"collection":[{"href":"https:\/\/persumtechnic.com\/index.php\/wp-json\/wp\/v2\/pages"}],"about":[{"href":"https:\/\/persumtechnic.com\/index.php\/wp-json\/wp\/v2\/types\/page"}],"author":[{"embeddable":true,"href":"https:\/\/persumtechnic.com\/index.php\/wp-json\/wp\/v2\/users\/1"}],"replies":[{"embeddable":true,"href":"https:\/\/persumtechnic.com\/index.php\/wp-json\/wp\/v2\/comments?post=4820"}],"version-history":[{"count":16,"href":"https:\/\/persumtechnic.com\/index.php\/wp-json\/wp\/v2\/pages\/4820\/revisions"}],"predecessor-version":[{"id":5818,"href":"https:\/\/persumtechnic.com\/index.php\/wp-json\/wp\/v2\/pages\/4820\/revisions\/5818"}],"wp:attachment":[{"href":"https:\/\/persumtechnic.com\/index.php\/wp-json\/wp\/v2\/media?parent=4820"}],"curies":[{"name":"wp","href":"https:\/\/api.w.org\/{rel}","templated":true}]}}